the units digit of 90238?
8
What is the ten thousands digit of 25770?
2
What is the tens digit of 44459?
5
What is the thousands digit of 15549?
5
What is the hundreds digit of 48717?
7
What is the units digit of 6513?
3
What is the thousands digit of 3113?
3
What is the tens digit of 17506?
0
What is the units digit of 825?
5
What is the hundreds digit of 21254?
2
What is the units digit of 1668?
8
What is the tens digit of 36984?
8
What is the units digit of 3387?
7
What is the units digit of 2778?
8
What is the hundreds digit of 4965?
9
What is the ten thousands digit of 22871?
2
What is the tens digit of 4361?
6
What is the thousands digit of 7107?
7
What is the thousands digit of 7177?
7
What is the ten thousands digit of 29195?
2
What is the hundreds digit of 1270?
2
What is the tens digit of 21563?
6
What is the units digit of 10737?
7
What is the tens digit of 414?
1
What is the ten thousands digit of 84409?
8
What is the units digit of 17460?
0
What is the thousands digit of 2874?
2
What is the thousands digit of 4247?
4
What is the hundreds digit of 1421?
4
What is the units digit of 1541?
1
What is the ten thousands digit of 68599?
6
What is the units digit of 78?
8
What is the units digit of 18584?
4
What is the units digit of 325?
5
What is the units digit of 1355?
5
What is the ten thousands digit of 14135?
1
What is the hundreds digit of 1919?
9
What is the units digit of 2483?
3
What is the units digit of 431?
1
What is the units digit of 1760?
0
What is the thousands digit of 3773?
3
What is the hundreds digit of 164563?
5
What is the thousands digit of 4138?
4
What is the tens digit of 604?
0
What is the tens digit of 1449?
4
What is the units digit of 142331?
1
What is the thousands digit of 27324?
7
What is the tens digit of 675?
7
What is the units digit of 1089?
9
What is the units digit of 7834?
4
What is the units digit of 1717?
7
What is the hundreds digit of 1119?
1
What is the tens digit of 675?
7
What is the thousands digit of 12128?
2
What is the tens digit of 531?
3
What is the ten thousands digit of 50517?
5
What is the hundreds digit of 2294?
2
What is the units digit of 715?
5
What is the hundreds digit of 4967?
9
What is the tens digit of 301?
0
What is the hundreds digit of 1915?
9
What is the units digit of 805?
5
What is the hundreds digit of 2651?
6
What is the tens digit of 1277?
7
What is the units digit of 9721?
1
What is the thousands digit of 2368?
2
What is the units digit of 2757?
7
What is the tens digit of 5141?
4
What is the ten thousands digit of 23826?
2
What is the tens digit of 29199?
9
What is the ten thousands digit of 49028?
4
What is the ten thousands digit of 108812?
0
What is the hundreds digit of 2625?
6
What is the units digit of 254?
4
What is the tens digit of 84768?
6
What is the units digit of 4776?
6
What is the thousands digit of 17293?
7
What is the hundreds digit of 5360?
3
What is the thousands digit of 33593?
3
What is the units digit of 40258?
8
What is the tens digit of 1076?
7
What is the thousands digit of 12866?
2
What is the thousands digit of 18602?
8
What is the units digit of 11856?
6
What is the thousands digit of 15562?
5
What is the hundreds digit of 12672?
6
What is the tens digit of 38483?
8
What is the units digit of 1318?
8
What is the thousands digit of 190494?
0
What is the thousands digit of 13919?
3
What is the units digit of 1952?
2
What is the tens digit of 2474?
7
What is the units digit of 46300?
0
What is the tens digit of 38406?
0
What is the hundreds digit of 8027?
0
What is the tens digit of 33800?
0
What is the hundreds digit of 3088?
0
What is the hundreds digit of 2108?
1
What is the ten thousands digit of 69920?
6
What is the units digit of 23?
3
What is the ten thousands digit of 21505?
2
What is the tens digit of 47353?
5
What is the tens digit of 1196?
9
What is the hundreds digit of 4691?
6
What is the tens digit of 2773?
7
What is the tens digit of 10129?
2
What is the hundreds digit of 7622?
6
What is the units digit of 1142?
2
What is the units digit of 8811?
1
What is the tens digit of 30523?
2
What is the hundreds digit of 34415?
4
What is the thousands digit of 4089?
4
What is the tens digit of 8120?
2
What is the tens digit of 9219?
1
What is the ten thousands digit of 16078?
1
What is the units digit of 3665?
5
What is the tens digit of 4328?
2
What is the units digit of 1168?
8
What is the ten thousands digit of 97116?
9
What is the ten thousands digit of 11282?
1
What is the units digit of 1649?
9
What is the thousands digit of 23157?
3
What is the thousands digit of 1693?
1
What is the hundreds digit of 1599?
5
What is the thousands digit of 7933?
7
What is the units digit of 12443?
3
What is the tens digit of 5722?
2
What is the ten thousands digit of 54219?
5
What is the tens digit of 85155?
5
What is the units digit of 162?
2
What is the units digit of 1103?
3
What is the thousands digit of 59798?
9
What is the tens digit of 746?
4
What is the thousands digit of 150487?
0
What is the hundreds digit of 6649?
6
What is the tens digit of 1786?
8
What is the units digit of 3402?
2
What is the units digit of 218?
8
What is the thousands digit of 1888?
1
What is the ten thousands digit of 42927?
4
What is the thousands digit of 37274?
7
What is the hundreds digit of 689?
6
What is the hundreds digit of 3933?
9
What is the hundreds digit of 5384?
3
What is the hundreds digit of 87950?
9
What is the tens digit of 45115?
1
What is the tens digit of 88246?
4
What is the hundreds digit of 889?
8
What is the hundreds digit of 44775?
7
What is the thousands digit of 1285?
1
What is the units digit of 93?
3
What is the units digit of 7238?
8
What is the units digit of 3750?
0
What is the hundreds digit of 528?
5
What is the units digit of 5312?
2
What is the tens digit of 1135?
3
What is the tens digit of 680?
8
What is the hundreds digit of 6860?
8
What is the thousands digit of 5924?
5
What is the ten thousands digit of 28785?
2
What is the units digit of 7279?
9
What is the units digit of 1710?
0
What is the hundreds digit of 75751?
7
What is the hundreds digit of 874?
8
What is the ten thousands digit of 151753?
5
What is the hundreds digit of 1327?
3
What is the tens digit of 50773?
7
What is the thousands digit of 2897?
2
What is the thousands digit of 3152?
3
What is the hundreds digit of 11005?
0
What is the hundreds digit of 28952?
9
What is the units digit of 4554?
4
What is the units digit of 70451?
1
What is the thousands digit of 71102?
1
What is the thousands digit of 36254?
6
What is the tens digit of 134?
3
What is the tens digit of 112069?
6
What is the ten thousands digit of 10984?
1
What is the tens digit of 1066?
6
What is the hundreds digit of 2358?
3
What is the hundreds digit of 82915?
9
What is the units digit of 1573?
3
What is the ten thousands digit of 36598?
3
What is the hundreds digit of 6076?
0
What is the thousands digit of 2635?
2
What is the hundreds digit of 16706?
7
What is the tens digit of 2538?
3
What is the hundreds digit of 52883?
8
What is the tens digit of 764?
6
What is the units digit of 694?
4
What is the tens digit of 92?
9
What is the thousands digit of 6199?
6
What is the ten thousands digit of 25636?
2
What is the hundreds digit of 144132?
1
What is the thousands digit of 36157?
6
What is the tens digit of 1652?
5
What is the hundreds digit of 2023?
0
What is the thousands digit of 37327?
7
What is the thousands digit of 32353?
2
What is the units digit of 153886?
6
What is the tens digit of 742?
4
What is the units digit of 2413?
3
What is the thousands digit of 1316?
1
What is the units digit of 10236?
6
What is the hundreds digit of 6334?
3
What is the ten thousands digit of 15553?
1
What is the thousands digit of 1419?
1
What is the units digit of 10491?
1
What is the tens digit of 1606?
0
What is the tens digit of 2717?
1
What is the hundreds digit of 1709?
7
What is the thousands digit of 30376?
0
What is the units digit of 10865?
5
What is the hundreds digit of 363?
3
What is the hundreds digit of 914?
9
What is the tens digit of 962?
6
What is the units digit of 4812?
2
What is the thousands digit of 1737?
1
What is the tens digit of 14273?
7
What is the tens digit of 1396?
9
W